{"id":315,"date":"2023-12-25T08:58:43","date_gmt":"2023-12-25T01:58:43","guid":{"rendered":"https:\/\/tannoithat.com\/?post_type=product&#038;p=315"},"modified":"2024-01-21T10:15:57","modified_gmt":"2024-01-21T03:15:57","slug":"bep-tu-canzy-cz-ic388i","status":"publish","type":"product","link":"https:\/\/tannoithat.com\/index.php\/product\/bep-tu-canzy-cz-ic388i\/","title":{"rendered":"B\u1ebeP T\u1eea CANZY CZ IC388I"},"content":{"rendered":"\n\n<div class=\"kk-star-ratings kksr-auto kksr-align-left kksr-valign-top\"\n    data-payload='{&quot;align&quot;:&quot;left&quot;,&quot;id&quot;:&quot;315&quot;,&quot;slug&quot;:&quot;default&quot;,&quot;valign&quot;:&quot;top&quot;,&quot;ignore&quot;:&quot;&quot;,&quot;reference&quot;:&quot;auto&quot;,&quot;class&quot;:&quot;&quot;,&quot;count&quot;:&quot;0&quot;,&quot;legendonly&quot;:&quot;&quot;,&quot;readonly&quot;:&quot;&quot;,&quot;score&quot;:&quot;0&quot;,&quot;starsonly&quot;:&quot;&quot;,&quot;best&quot;:&quot;5&quot;,&quot;gap&quot;:&quot;5&quot;,&quot;greet&quot;:&quot;Rate this product&quot;,&quot;legend&quot;:&quot;0\\\/5 - (0 b\u00ecnh ch\u1ecdn)&quot;,&quot;size&quot;:&quot;24&quot;,&quot;title&quot;:&quot;B\u1ebeP T\u1eea CANZY CZ IC388I&quot;,&quot;width&quot;:&quot;0&quot;,&quot;_legend&quot;:&quot;{score}\\\/{best} - ({count} {votes})&quot;,&quot;font_factor&quot;:&quot;1.25&quot;}'>\n            \n<div class=\"kksr-stars\">\n    \n<div class=\"kksr-stars-inactive\">\n            <div class=\"kksr-star\" data-star=\"1\" style=\"padding-right: 5px\">\n            \n\n<div class=\"kksr-icon\" style=\"width: 24px; height: 24px;\"><\/div>\n        <\/div>\n            <div class=\"kksr-star\" data-star=\"2\" style=\"padding-right: 5px\">\n            \n\n<div class=\"kksr-icon\" style=\"width: 24px; height: 24px;\"><\/div>\n        <\/div>\n            <div class=\"kksr-star\" data-star=\"3\" style=\"padding-right: 5px\">\n            \n\n<div class=\"kksr-icon\" style=\"width: 24px; height: 24px;\"><\/div>\n        <\/div>\n            <div class=\"kksr-star\" data-star=\"4\" style=\"padding-right: 5px\">\n            \n\n<div class=\"kksr-icon\" style=\"width: 24px; height: 24px;\"><\/div>\n        <\/div>\n            <div class=\"kksr-star\" data-star=\"5\" style=\"padding-right: 5px\">\n            \n\n<div class=\"kksr-icon\" style=\"width: 24px; height: 24px;\"><\/div>\n        <\/div>\n    <\/div>\n    \n<div class=\"kksr-stars-active\" style=\"width: 0px;\">\n            <div class=\"kksr-star\" style=\"padding-right: 5px\">\n            \n\n<div class=\"kksr-icon\" style=\"width: 24px; height: 24px;\"><\/div>\n        <\/div>\n            <div class=\"kksr-star\" style=\"padding-right: 5px\">\n            \n\n<div class=\"kksr-icon\" style=\"width: 24px; height: 24px;\"><\/div>\n        <\/div>\n            <div class=\"kksr-star\" style=\"padding-right: 5px\">\n            \n\n<div class=\"kksr-icon\" style=\"width: 24px; height: 24px;\"><\/div>\n        <\/div>\n            <div class=\"kksr-star\" style=\"padding-right: 5px\">\n            \n\n<div class=\"kksr-icon\" style=\"width: 24px; height: 24px;\"><\/div>\n        <\/div>\n            <div class=\"kksr-star\" style=\"padding-right: 5px\">\n            \n\n<div class=\"kksr-icon\" style=\"width: 24px; height: 24px;\"><\/div>\n        <\/div>\n    <\/div>\n<\/div>\n                \n\n<div class=\"kksr-legend\" style=\"font-size: 19.2px;\">\n            <span class=\"kksr-muted\">Rate this product<\/span>\n    <\/div>\n    <\/div>\n<h3><a href=\"https:\/\/tannoithat.com\/index.php\/product-category\/thiet-bi-nha-bep-2\/thiet-bi-nha-bep\/bep-tu\/\">\u0110\u1eb7c \u0111i\u1ec3m n\u1ed5i b\u1eadt: B\u1ebeP T\u1eea CANZY CZ IC388I<\/a><\/h3>\n<ul>\n<li><strong>2 v\u00f9ng n\u1ea5u ti\u1ec7n d\u1ee5ng:<\/strong>\u00a0B\u1ebfp t\u1eeb c\u00f3 2 v\u00f9ng n\u1ea5u ri\u00eang bi\u1ec7t, gi\u00fap b\u1ea1n n\u1ea5u nhi\u1ec1u m\u00f3n c\u00f9ng m\u1ed9t l\u00fac. Thi\u1ebft k\u1ebf l\u1eafp \u0111\u1eb7t \u00e2m b\u00e0n t\u1ea1o s\u1ef1 th\u1ea9m m\u1ef9 v\u00e0 tinh t\u1ebf cho kh\u00f4ng gian b\u1ebfp c\u1ee7a gia \u0111\u00ecnh b\u1ea1n.<\/li>\n<li><strong>M\u1eb7t k\u00ednh Vitro Ceramic v\u00e1t 4 c\u1ea1nh bo g\u00f3c sang tr\u1ecdng:<\/strong>\u00a0M\u1eb7t k\u00ednh \u0111\u01b0\u1ee3c thi\u1ebft k\u1ebf v\u1edbi vi\u1ec1n v\u00e1t c\u1ea1nh bo g\u00f3c, t\u1ea1o n\u00ean v\u1ebb \u0111\u1eb9p hi\u1ec7n \u0111\u1ea1i v\u00e0 sang tr\u1ecdng cho s\u1ea3n ph\u1ea9m.<\/li>\n<li><strong>H\u1ec7 th\u1ed1ng m\u1ea1ch v\u00e0 m\u00e2m s\u1ea3n xu\u1ea5t theo c\u00f4ng ngh\u1ec7 Ch\u00e2u \u00c2u:<\/strong>\u00a0\u0110\u1ea3m b\u1ea3o ch\u1ea5t l\u01b0\u1ee3ng, hi\u1ec7u su\u1ea5t v\u00e0 \u0111\u1ed9 b\u1ec1n c\u1ee7a s\u1ea3n ph\u1ea9m.<\/li>\n<li><strong>C\u00f4ng ngh\u1ec7 Inverter th\u00f4ng minh:<\/strong>\u00a0C\u00f4ng ngh\u1ec7 n\u00e0y gi\u00fap ti\u1ebft ki\u1ec7m t\u1edbi 30% \u0111i\u1ec7n n\u0103ng ti\u00eau th\u1ee5, \u0111\u1ed3ng th\u1eddi \u0111i\u1ec1u ch\u1ec9nh c\u00f4ng su\u1ea5t ho\u1ea1t \u0111\u1ed9ng m\u1ed9t c\u00e1ch th\u00f4ng minh.<\/li>\n<li><strong>Ch\u1ee9c n\u0103ng \u1ee7 \u1ea5m \u201ch\u00e2m n\u00f3ng\u201d Keep Warm:<\/strong> T\u00ednh n\u0103ng n\u00e0y gi\u00fap duy tr\u00ec nhi\u1ec7t \u0111\u1ed9 cho th\u1ef1c ph\u1ea9m lu\u00f4n \u1ea5m, kh\u00f4ng c\u1ea7n \u0111un l\u1ea1i nhi\u1ec1u l\u1ea7n, gi\u1eef \u0111\u01b0\u1ee3c ch\u1ea5t dinh d\u01b0\u1ee1ng trong th\u1ee9c \u0103n.<\/li>\n<\/ul>\n<div id=\"attachment_316\" style=\"width: 925px\" class=\"wp-caption alignnone\"><img fetchpriority=\"high\" decoding=\"async\" aria-describedby=\"caption-attachment-316\" class=\"wp-image-316 size-full\" src=\"https:\/\/tannoithat.com\/wp-content\/uploads\/2023\/12\/canzy-cz-ic388i.jpg\" alt=\"B\u1ebeP T\u1eea CANZY CZ IC388I\" width=\"915\" height=\"562\" srcset=\"https:\/\/tannoithat.com\/wp-content\/uploads\/2023\/12\/canzy-cz-ic388i.jpg 915w, https:\/\/tannoithat.com\/wp-content\/uploads\/2023\/12\/canzy-cz-ic388i-300x184.jpg 300w, https:\/\/tannoithat.com\/wp-content\/uploads\/2023\/12\/canzy-cz-ic388i-768x472.jpg 768w, https:\/\/tannoithat.com\/wp-content\/uploads\/2023\/12\/canzy-cz-ic388i-600x369.jpg 600w\" sizes=\"(max-width: 915px) 100vw, 915px\" \/><p id=\"caption-attachment-316\" class=\"wp-caption-text\">B\u1ebeP T\u1eea CANZY CZ IC388I<\/p><\/div>\n<h3><a href=\"https:\/\/www.facebook.com\/noithatbeptnt\" target=\"_blank\" rel=\"noopener\">T\u00ednh n\u0103ng an to\u00e0n: B\u1ebeP T\u1eea CANZY CZ IC388I<\/a><\/h3>\n<ul>\n<li><strong>Ch\u1ee9c n\u0103ng h\u1eb9n gi\u1edd:<\/strong>\u00a0Cho ph\u00e9p b\u1ea1n l\u1ef1a ch\u1ecdn th\u1eddi gian v\u00e0 t\u1ef1 \u0111\u1ed9ng t\u1eaft b\u1ebfp sau khi ho\u00e0n th\u00e0nh qu\u00e1 tr\u00ecnh n\u1ea5u. Gi\u00fap b\u1ea1n ti\u1ebft ki\u1ec7m th\u1eddi gian cho c\u00e1c vi\u1ec7c kh\u00e1c.<\/li>\n<li><strong>Kh\u00f3a ph\u00edm tr\u1ebb em:<\/strong>\u00a0Ch\u1ee9c n\u0103ng n\u00e0y gi\u00fap tr\u00e1nh vi\u1ec7c tr\u1ebb nh\u1ecf v\u00f4 t\u00ecnh ch\u1ea1m tay v\u00e0o b\u1ebfp v\u00e0 thay \u0111\u1ed5i c\u00e0i \u0111\u1eb7t. Kh\u00f3a ph\u00edm tr\u1ebb em ch\u1ec9 c\u00f3 th\u1ec3 \u0111\u01b0\u1ee3c m\u1edf khi b\u1ea1n mu\u1ed1n \u0111i\u1ec1u khi\u1ec3n b\u1ebfp.<\/li>\n<li><strong>Ch\u1ee9c n\u0103ng ch\u1ed1ng tr\u00e0n:<\/strong>\u00a0Khi ph\u00e1t hi\u1ec7n c\u00f3 hi\u1ec7n t\u01b0\u1ee3ng tr\u00e0n, b\u1ebfp t\u1ef1 \u0111\u1ed9ng ng\u1eaft v\u00e0 c\u1ea3nh b\u00e1o, \u0111\u1ea3m b\u1ea3o an to\u00e0n v\u00e0 d\u1ec5 d\u00e0ng lau s\u1ea1ch.<\/li>\n<li><strong>T\u1ef1 \u0111\u1ed9ng nh\u1eadn di\u1ec7n \u0111\u00e1y n\u1ed3i:<\/strong>\u00a0Gi\u00fap ti\u1ebft ki\u1ec7m n\u0103ng l\u01b0\u1ee3ng b\u1eb1ng c\u00e1ch ch\u1ec9 l\u00e0m n\u00f3ng v\u00f9ng \u0111\u00e1y n\u1ed3i.<\/li>\n<li><strong>Ch\u1ee9c n\u0103ng n\u1ea5u si\u00eau nhanh Booster:<\/strong>\u00a0Cho ph\u00e9p b\u1ea1n l\u1ef1a ch\u1ecdn m\u1ee9c c\u00f4ng su\u1ea5t cao nh\u1ea5t \u0111\u1ec3 t\u0103ng nhi\u1ec7t \u0111\u1ed9 nhanh ch\u00f3ng cho m\u00f3n \u0103n.<\/li>\n<li><strong>H\u1ec7 th\u1ed1ng b\u1ea3o v\u1ec7 an to\u00e0n qu\u00e1 nhi\u1ec7t, qu\u00e1 \u00e1p:<\/strong>\u00a0\u0110\u1ea3m b\u1ea3o an to\u00e0n cho ngu\u1ed3n \u0111i\u1ec7n v\u00e0 gia \u0111\u00ecnh c\u1ee7a b\u1ea1n.<\/li>\n<li>\n<p><div id=\"attachment_316\" style=\"width: 925px\" class=\"wp-caption alignnone\"><img fetchpriority=\"high\" decoding=\"async\" aria-describedby=\"caption-attachment-316\" class=\"wp-image-316 size-full\" src=\"https:\/\/tannoithat.com\/wp-content\/uploads\/2023\/12\/canzy-cz-ic388i.jpg\" alt=\"B\u1ebeP T\u1eea CANZY CZ IC388I\" width=\"915\" height=\"562\" srcset=\"https:\/\/tannoithat.com\/wp-content\/uploads\/2023\/12\/canzy-cz-ic388i.jpg 915w, https:\/\/tannoithat.com\/wp-content\/uploads\/2023\/12\/canzy-cz-ic388i-300x184.jpg 300w, https:\/\/tannoithat.com\/wp-content\/uploads\/2023\/12\/canzy-cz-ic388i-768x472.jpg 768w, https:\/\/tannoithat.com\/wp-content\/uploads\/2023\/12\/canzy-cz-ic388i-600x369.jpg 600w\" sizes=\"(max-width: 915px) 100vw, 915px\" \/><p id=\"caption-attachment-316\" class=\"wp-caption-text\">B\u1ebeP T\u1eea CANZY CZ IC388I<\/p><\/div><\/li>\n<\/ul>\n<p>&nbsp;<\/p>\n<h2>Th\u00f4ng s\u1ed1 k\u0129 thu\u1eadt\u00a0<a href=\"https:\/\/www.youtube.com\/watch?v=1YQ2hN8UX_s&amp;t=6s\" target=\"_blank\" rel=\"noopener\">B\u1ebfp t\u1eeb<\/a>\u00a0\u0111\u00f4i CANZY CZ IC388I<\/h2>\n<ul>\n<li>M\u00e3 s\u1ea3n ph\u1ea9m: CZ IC388I<\/li>\n<li>Th\u01b0\u01a1ng hi\u1ec7u:\u00a0<strong><a href=\"https:\/\/www.youtube.com\/watch?v=1YQ2hN8UX_s&amp;t=6s\" target=\"_blank\" rel=\"noopener\">Thi\u1ebft b\u1ecb b\u1ebfp CANZY<\/a><\/strong><\/li>\n<li>B\u1ea3o h\u00e0nh: 3 n\u0103m<\/li>\n<li>Th\u01b0\u01a1ng hi\u1ec7u m\u00e2m t\u1eeb: M\u1ea1ch, m\u00e2m t\u1eeb s\u1ea3n xu\u1ea5t theo c\u00f4ng ngh\u1ec7 Ch\u00e2u \u00c2u<\/li>\n<li>Th\u01b0\u01a1ng hi\u1ec7u m\u1eb7t k\u00ednh: Vitro Ceramic<\/li>\n<li>S\u1ea3n xu\u1ea5t t\u1ea1i: P.R.C<\/li>\n<li>K\u00edch th\u01b0\u1edbc b\u1ebfp: 730x430mm<\/li>\n<li>K\u00edch th\u01b0\u1edbc kho\u00e9t \u0111\u00e1: 680x390mm<\/li>\n<li>S\u1ed1 v\u00f9ng n\u1ea5u: 2 t\u1eeb<\/li>\n<li>C\u00f4ng su\u1ea5t v\u00f9ng n\u1ea5u t\u1eeb 1: booster 2400w<\/li>\n<li>C\u00f4ng su\u1ea5t v\u00f9ng n\u1ea5u t\u1eeb 2: booster 2400w<\/li>\n<li>M\u1ee9c c\u00f4ng su\u1ea5t: 9 m\u1ee9c (1 t\u1edbi 9)<\/li>\n<li>Ngu\u1ed3n \u0111i\u1ec7n: 220-240v, 50\/60hz<\/li>\n<li>\n<p><div id=\"attachment_317\" style=\"width: 1010px\" class=\"wp-caption aligncenter\"><img decoding=\"async\" aria-describedby=\"caption-attachment-317\" class=\"wp-image-317 size-full\" src=\"https:\/\/tannoithat.com\/wp-content\/uploads\/2023\/12\/Ban-ve-kich-thuoc-Bep-tu-doi-CANZY-CZ-IC388I.jpg\" alt=\"B\u1ebeP T\u1eea CANZY CZ IC388I\" width=\"1000\" height=\"800\" srcset=\"https:\/\/tannoithat.com\/wp-content\/uploads\/2023\/12\/Ban-ve-kich-thuoc-Bep-tu-doi-CANZY-CZ-IC388I.jpg 1000w, https:\/\/tannoithat.com\/wp-content\/uploads\/2023\/12\/Ban-ve-kich-thuoc-Bep-tu-doi-CANZY-CZ-IC388I-300x240.jpg 300w, https:\/\/tannoithat.com\/wp-content\/uploads\/2023\/12\/Ban-ve-kich-thuoc-Bep-tu-doi-CANZY-CZ-IC388I-768x614.jpg 768w, https:\/\/tannoithat.com\/wp-content\/uploads\/2023\/12\/Ban-ve-kich-thuoc-Bep-tu-doi-CANZY-CZ-IC388I-600x480.jpg 600w\" sizes=\"(max-width: 1000px) 100vw, 1000px\" \/><p id=\"caption-attachment-317\" class=\"wp-caption-text\"><span style=\"vertical-align: inherit;\"><span style=\"vertical-align: inherit;\">B\u1ebeP T\u1eea CANZY CZ IC388I<\/span><\/span><\/p><\/div><\/li>\n<\/ul>\n","protected":false},"excerpt":{"rendered":"<div class=\"container section-title-container\">\n<h3 class=\"section-title section-title-bold\"><span class=\"section-title-main\"><i class=\"icon-expand\"><\/i>TH\u00d4NG S\u1ed0 K\u1ef8 THU\u1eacT B\u1ebeP T\u1eea CANZY CZ IC388I<\/span><\/h3>\n<\/div>\n<div class=\"product-short-description\">\n<table width=\"300\">\n<tbody>\n<tr>\n<td width=\"109\">M\u00e3 s\u1ea3n ph\u1ea9m<\/td>\n<td width=\"191\"><span style=\"vertical-align: inherit;\"><span style=\"vertical-align: inherit;\">CZ IC388I<\/span><\/span><\/td>\n<\/tr>\n<tr>\n<td>\u0110i\u1ec7n \u00e1p<\/td>\n<td><span style=\"vertical-align: inherit;\"><span style=\"vertical-align: inherit;\">220-240V, 50\/60Hz<\/span><\/span><\/td>\n<\/tr>\n<tr>\n<td>T\u1ed5ng C\u00f4ng su\u1ea5t<\/td>\n<td><span style=\"vertical-align: inherit;\"><span style=\"vertical-align: inherit;\">4800W<\/span><\/span><\/td>\n<\/tr>\n<tr>\n<td>K\u00edch th\u01b0\u1edbc b\u1ebfp<\/td>\n<td><span style=\"vertical-align: inherit;\"><span style=\"vertical-align: inherit;\">730*430mm<\/span><\/span><\/td>\n<\/tr>\n<tr>\n<td>K\u00edch th\u01b0\u1edbc kho\u00e9t \u0111\u00e1<\/td>\n<td><span style=\"vertical-align: inherit;\"><span style=\"vertical-align: inherit;\">680x390mm<\/span><\/span><\/td>\n<\/tr>\n<tr>\n<td width=\"109\">B\u1ea3o h\u00e0nh<\/td>\n<td>36 th\u00e1ng<\/td>\n<\/tr>\n<tr>\n<td width=\"109\">Xu\u1ea5t x\u1ee9<\/td>\n<td><span style=\"vertical-align: inherit;\"><span style=\"vertical-align: inherit;\">Trung Qu\u1ed1c<\/span><\/span><\/td>\n<\/tr>\n<tr>\n<td>H\u00e3ng s\u1ea3n xu\u1ea5t<\/td>\n<td width=\"191\">CANZY<\/td>\n<\/tr>\n<\/tbody>\n<\/table>\n<p>&nbsp;<\/p>\n<\/div>\n","protected":false},"featured_media":316,"comment_status":"open","ping_status":"closed","template":"","meta":{"_eb_attr":""},"product_cat":[124,86,249],"product_tag":[134],"_links":{"self":[{"href":"https:\/\/tannoithat.com\/index.php\/wp-json\/wp\/v2\/product\/315"}],"collection":[{"href":"https:\/\/tannoithat.com\/index.php\/wp-json\/wp\/v2\/product"}],"about":[{"href":"https:\/\/tannoithat.com\/index.php\/wp-json\/wp\/v2\/types\/product"}],"replies":[{"embeddable":true,"href":"https:\/\/tannoithat.com\/index.php\/wp-json\/wp\/v2\/comments?post=315"}],"wp:featuredmedia":[{"embeddable":true,"href":"https:\/\/tannoithat.com\/index.php\/wp-json\/wp\/v2\/media\/316"}],"wp:attachment":[{"href":"https:\/\/tannoithat.com\/index.php\/wp-json\/wp\/v2\/media?parent=315"}],"wp:term":[{"taxonomy":"product_cat","embeddable":true,"href":"https:\/\/tannoithat.com\/index.php\/wp-json\/wp\/v2\/product_cat?post=315"},{"taxonomy":"product_tag","embeddable":true,"href":"https:\/\/tannoithat.com\/index.php\/wp-json\/wp\/v2\/product_tag?post=315"}],"curies":[{"name":"wp","href":"https:\/\/api.w.org\/{rel}","templated":true}]}}