{"id":640,"date":"2023-12-26T15:31:52","date_gmt":"2023-12-26T08:31:52","guid":{"rendered":"https:\/\/tannoithat.com\/?post_type=product&#038;p=640"},"modified":"2024-01-22T14:20:13","modified_gmt":"2024-01-22T07:20:13","slug":"tu-kho-6-tang-nan-det-canh-mo-inox-304","status":"publish","type":"product","link":"https:\/\/tannoithat.com\/index.php\/product\/tu-kho-6-tang-nan-det-canh-mo-inox-304\/","title":{"rendered":"T\u1ee6 KHO 6 T\u1ea6NG NAN D\u1eb8T C\u00c1NH M\u1ede INOX 304"},"content":{"rendered":"\n\n<div class=\"kk-star-ratings kksr-auto kksr-align-left kksr-valign-top\"\n    data-payload='{&quot;align&quot;:&quot;left&quot;,&quot;id&quot;:&quot;640&quot;,&quot;slug&quot;:&quot;default&quot;,&quot;valign&quot;:&quot;top&quot;,&quot;ignore&quot;:&quot;&quot;,&quot;reference&quot;:&quot;auto&quot;,&quot;class&quot;:&quot;&quot;,&quot;count&quot;:&quot;0&quot;,&quot;legendonly&quot;:&quot;&quot;,&quot;readonly&quot;:&quot;&quot;,&quot;score&quot;:&quot;0&quot;,&quot;starsonly&quot;:&quot;&quot;,&quot;best&quot;:&quot;5&quot;,&quot;gap&quot;:&quot;5&quot;,&quot;greet&quot;:&quot;Rate this product&quot;,&quot;legend&quot;:&quot;0\\\/5 - (0 b\u00ecnh ch\u1ecdn)&quot;,&quot;size&quot;:&quot;24&quot;,&quot;title&quot;:&quot;T\u1ee6 KHO 6 T\u1ea6NG NAN D\u1eb8T C\u00c1NH M\u1ede INOX 304&quot;,&quot;width&quot;:&quot;0&quot;,&quot;_legend&quot;:&quot;{score}\\\/{best} - ({count} {votes})&quot;,&quot;font_factor&quot;:&quot;1.25&quot;}'>\n            \n<div class=\"kksr-stars\">\n    \n<div class=\"kksr-stars-inactive\">\n            <div class=\"kksr-star\" data-star=\"1\" style=\"padding-right: 5px\">\n            \n\n<div class=\"kksr-icon\" style=\"width: 24px; height: 24px;\"><\/div>\n        <\/div>\n            <div class=\"kksr-star\" data-star=\"2\" style=\"padding-right: 5px\">\n            \n\n<div class=\"kksr-icon\" style=\"width: 24px; height: 24px;\"><\/div>\n        <\/div>\n            <div class=\"kksr-star\" data-star=\"3\" style=\"padding-right: 5px\">\n            \n\n<div class=\"kksr-icon\" style=\"width: 24px; height: 24px;\"><\/div>\n        <\/div>\n            <div class=\"kksr-star\" data-star=\"4\" style=\"padding-right: 5px\">\n            \n\n<div class=\"kksr-icon\" style=\"width: 24px; height: 24px;\"><\/div>\n        <\/div>\n            <div class=\"kksr-star\" data-star=\"5\" style=\"padding-right: 5px\">\n            \n\n<div class=\"kksr-icon\" style=\"width: 24px; height: 24px;\"><\/div>\n        <\/div>\n    <\/div>\n    \n<div class=\"kksr-stars-active\" style=\"width: 0px;\">\n            <div class=\"kksr-star\" style=\"padding-right: 5px\">\n            \n\n<div class=\"kksr-icon\" style=\"width: 24px; height: 24px;\"><\/div>\n        <\/div>\n            <div class=\"kksr-star\" style=\"padding-right: 5px\">\n            \n\n<div class=\"kksr-icon\" style=\"width: 24px; height: 24px;\"><\/div>\n        <\/div>\n            <div class=\"kksr-star\" style=\"padding-right: 5px\">\n            \n\n<div class=\"kksr-icon\" style=\"width: 24px; height: 24px;\"><\/div>\n        <\/div>\n            <div class=\"kksr-star\" style=\"padding-right: 5px\">\n            \n\n<div class=\"kksr-icon\" style=\"width: 24px; height: 24px;\"><\/div>\n        <\/div>\n            <div class=\"kksr-star\" style=\"padding-right: 5px\">\n            \n\n<div class=\"kksr-icon\" style=\"width: 24px; height: 24px;\"><\/div>\n        <\/div>\n    <\/div>\n<\/div>\n                \n\n<div class=\"kksr-legend\" style=\"font-size: 19.2px;\">\n            <span class=\"kksr-muted\">Rate this product<\/span>\n    <\/div>\n    <\/div>\n<h1>.<a href=\"https:\/\/tannoithat.com\/index.php\/product-category\/phu-kien\/tu-kho\/\">T\u1ee6 KHO 6 T\u1ea6NG NAN D\u1eb8T C\u00c1NH M\u1ede INOX 304:<\/a><\/h1>\n<p>D\u00f2ng Inox 304 s\u1ebd \u0111\u01b0\u1ee3c SMARTKIT ch\u1ecdn l\u1ecdc nguy\u00ean li\u1ec7u \u0111\u1ea7u v\u00e0o m\u1ed9t c\u00e1ch k\u1ef9 c\u00e0ng v\u00e0 c\u1ea9n th\u1eadn. Qua nhi\u1ec1u kh\u00e2u ki\u1ec3m nghi\u1ec7m v\u00e0 s\u00e0ng l\u1ecdc \u0111em \u0111\u1ebfn m\u1ed9t s\u1ea3n ph\u1ea9m ch\u1ea5t l\u01b0\u1ee3ng, kh\u00f4ng c\u00f3 ch\u1ea5t \u0111\u1ed9c h\u1ea1i v\u1edbi c\u00f4ng ngh\u1ec7 h\u00e0n m\u1edbi mang l\u1ea1i nhi\u1ec1u \u01b0u \u0111i\u1ec3m cho d\u1ee5ng c\u1ee5.<\/p>\n<p>Ch\u1ea5t li\u1ec7u Inox 304 \u0111\u01b0\u1ee3c thi\u1ebft k\u1ebf theo quy tr\u00ecnh kh\u00f4ng xi m\u1ea1 \u0111\u00e1nh m\u00e0 s\u1ebd s\u1eed d\u1ee5ng c\u00f4ng ngh\u1ec7 \u0111\u00e1nh b\u00f3ng b\u1ec1 m\u1eb7t hi\u1ec7n th\u00e2n \u0111\u1ec3 gi\u1eef l\u1ea1i \u0111\u1ed9c \u0111\u00e1o c\u1ee7a Inox 304 hi\u1ec7n \u0111\u1ea1i, SMARTKIT cho ra \u0111\u1eddi gi\u00e1 \u0111\u1ec3 xoong n\u1ed3i, b\u00e1t \u0111\u0129a t\u1ee7 d\u01b0\u1edbi \u0111\u1eb9p m\u1eaft v\u00e0 t\u1ec9 m\u1ec9 \u0111\u1ebfn t\u1eebng chi ti\u1ebft nh\u1ecf. V\u1eadt li\u1ec7u kh\u00f4ng ch\u01b0a ch\u1ea5t \u0111\u1ed9c h\u1ea1i n\u00ean v\u00f4 c\u00f9ng th\u00e2n thi\u1ec7n v\u1edbi m\u00f4i tr\u01b0\u1eddng v\u00e0 ng\u01b0\u1eddi s\u1eed d\u1ee5ng. \u0110\u1ed3ng th\u1eddi, s\u1ea3n ph\u1ea9m r\u1ea5t b\u1ec1n b\u1ec9 c\u00f3 th\u1ec3 s\u1eed d\u1ee5ng trong th\u1eddi gian d\u00e0i gi\u00fap ng\u01b0\u1eddi d\u00f9ng ti\u1ebft ki\u1ec7m \u0111\u01b0\u1ee3c nhi\u1ec1u chi ph\u00ed.<\/p>\n<p>Gian b\u1ebfp c\u1ee7a b\u1ea1n thi\u1ebfu kh\u00f4ng gian l\u01b0u tr\u1eef ? B\u1ea1n g\u1eb7p kh\u00f3 kh\u0103n khi t\u00ecm ki\u1ebfm \u0111\u1ed3 d\u00f9ng trong ch\u00ednh c\u0103n b\u1ebfp c\u1ee7a m\u00ecnh ? B\u1ea1n kh\u00f4ng bi\u1ebft s\u1eafp x\u1ebfp \u0111\u1ed3 d\u00f9ng trong b\u1ebfp sao ng\u0103n n\u1eafp v\u00e0 d\u1ec5 t\u00ecm ki\u1ebfm ? \u0110\u1eebng lo l\u1eafng,<em><strong>\u00a0h\u1ec7 t\u1ee7 kho 6 t\u1ea7ng<\/strong>\u00a0<\/em>l\u00e0 s\u1ea3n ph\u1ea9m \u0111\u00e1p \u1ee9ng \u0111\u01b0\u1ee3c g\u1ea7n nh\u01b0 t\u1ea5t c\u1ea3 nh\u1eefng y\u00eau c\u1ea7u v\u1ec1 l\u01b0u tr\u1eef \u0111\u1ed3 m\u00e0 b\u1ea1n \u0111ang t\u00ecm ki\u1ebfm.<\/p>\n<h2><a href=\"https:\/\/www.facebook.com\/noithatbeptnt\" target=\"_blank\" rel=\"noopener\"><em>C\u00e1c \u01b0u \u0111i\u1ec3m<\/em><strong><em> T\u1ee6 KHO 6 T\u1ea6NG NAN D\u1eb8T C\u00c1NH M\u1ede INOX 304<\/em><\/strong><\/a><\/h2>\n<ul>\n<li>K\u00edch th\u01b0\u1edbc ph\u00f9 h\u1ee3p v\u1edbi h\u1ea7u h\u1ebft c\u0103n b\u1ebfp.<\/li>\n<li>V\u1eadt li\u1ec7u ch\u1ecdn l\u1ecdc th\u00e9p kh\u00f4ng g\u1ec9 Inox 304.<\/li>\n<li>Ph\u00e2n chia khoa h\u1ecdc v\u00e0 \u0111a d\u1ea1ng c\u00f3 th\u1ec3 \u0111\u1ef1ng nhi\u1ec1u th\u1ee9 \u0111\u1ed3 d\u00f9ng b\u1ebfp.<\/li>\n<li>T\u00ednh th\u1ea9m m\u0129 cao.<\/li>\n<li>D\u1ec5 d\u00e0ng lau ch\u00f9i.<\/li>\n<li>B\u1ea3o h\u00e0nh 24 th\u00e1ng.<\/li>\n<\/ul>\n<div id=\"attachment_9811\" style=\"width: 331px\" class=\"wp-caption aligncenter\"><img fetchpriority=\"high\" decoding=\"async\" aria-describedby=\"caption-attachment-9811\" class=\"lazy-load-active wp-image-9811\" src=\"https:\/\/smartkit.vn\/wp-content\/uploads\/CK450-206x300.png\" sizes=\"(max-width: 321px) 100vw, 321px\" srcset=\"https:\/\/smartkit.vn\/wp-content\/uploads\/CK450-206x300.png 206w, https:\/\/smartkit.vn\/wp-content\/uploads\/CK450.png 510w\" alt=\"T\u1ee6 KHO 6 T\u1ea6NG NAN D\u1eb8T C\u00c1NH M\u1ede INOX 304\" width=\"321\" height=\"467\" data-src=\"https:\/\/smartkit.vn\/wp-content\/uploads\/CK450-206x300.png\" data-srcset=\"https:\/\/smartkit.vn\/wp-content\/uploads\/CK450-206x300.png 206w, https:\/\/smartkit.vn\/wp-content\/uploads\/CK450.png 510w\" \/><p id=\"caption-attachment-9811\" class=\"wp-caption-text\">T\u1ee6 KHO 6 T\u1ea6NG NAN D\u1eb8T C\u00c1NH M\u1ede INOX 304<\/p><\/div>\n<h3><a href=\"https:\/\/tannoithat.com\/index.php\/product-category\/phu-kien\/tu-kho\/\">Th\u00f4ng s\u1ed1 k\u0129 thu\u1eadt T\u1ee7 kho 6 t\u1ea7ng nan d\u1eb9t c\u00e1nh m\u1edf Inox 304 SMARTKIT<\/a><\/h3>\n<p>&nbsp;<\/p>\n<table style=\"width: 34.986%; height: 121px;\" width=\"676\">\n<tbody>\n<tr style=\"height: 24px;\">\n<td style=\"height: 72px;\" rowspan=\"2\" width=\"107\"><em><strong>M\u00e3 s\u1ea3n ph\u1ea9m<\/strong><\/em><\/td>\n<td style=\"height: 24px;\" colspan=\"3\" width=\"282\"><em><strong>K\u00edch th\u01b0\u1edbc sa\u0309n ph\u00e2\u0309m (th\u00f4ng th\u1ee7y)<\/strong><\/em><\/td>\n<td style=\"height: 72px;\" rowspan=\"2\" width=\"166\"><em><strong>Ki\u0301ch th\u01b0\u01a1\u0301c khoang t\u1ee7 (ph\u1ee7 b\u00ec)<\/strong><\/em><\/td>\n<td style=\"height: 72px;\" rowspan=\"2\" width=\"121\"><em><strong>\u0110\u01a1n gi\u00e1\u00a0<\/strong><\/em><\/td>\n<\/tr>\n<tr style=\"height: 48px;\">\n<td style=\"height: 48px;\" width=\"94\"><strong>Ngang (r\u1ed9ng)<\/strong><\/td>\n<td style=\"height: 48px;\" width=\"94\"><strong>S\u00e2u<\/strong><\/td>\n<td style=\"height: 48px;\" width=\"94\"><strong>Cao<\/strong><\/td>\n<\/tr>\n<tr style=\"height: 24px;\">\n<td style=\"height: 24px;\" width=\"123\"><strong><span style=\"vertical-align: inherit;\"><span style=\"vertical-align: inherit;\">CK450<\/span><\/span><\/strong><\/td>\n<td style=\"height: 24px;\" width=\"94\">410<\/td>\n<td style=\"height: 24px;\" width=\"94\">520<\/td>\n<td style=\"height: 24px;\" width=\"94\">1700-1900<\/td>\n<td style=\"height: 24px;\" width=\"166\"><\/td>\n<td style=\"height: 49px;\" rowspan=\"7\" width=\"121\"><\/td>\n<\/tr>\n<tr style=\"height: 25px;\">\n<td style=\"height: 25px;\" width=\"123\"><strong><span style=\"vertical-align: inherit;\"><span style=\"vertical-align: inherit;\">CK600<\/span><\/span><\/strong><\/td>\n<td style=\"height: 25px;\" width=\"94\">560<\/td>\n<td style=\"height: 25px;\" width=\"94\"><span style=\"vertical-align: inherit;\"><span style=\"vertical-align: inherit;\">520<\/span><\/span><\/td>\n<td style=\"height: 25px;\" width=\"94\"><span style=\"vertical-align: inherit;\"><span style=\"vertical-align: inherit;\">1700-1900<\/span><\/span><\/td>\n<td style=\"height: 25px;\" width=\"166\">600<\/td>\n<\/tr>\n<\/tbody>\n<\/table>\n","protected":false},"excerpt":{"rendered":"<p><span style=\"vertical-align: inherit;\"><span style=\"vertical-align: inherit;\">T\u1ee6 KHO 6 T\u1ea6NG NAN D\u1eb8T C\u00c1NH M\u1ede INOX 304<\/span><\/span><\/p>\n<p>M\u00e3:\u00a0<span class=\"sku\"><span style=\"color: #00ff00;\">CK 450, CK 600<\/span> &#8211;<span style=\"color: #ffff00;\"> 10.500.0<\/span><\/span><\/p>\n","protected":false},"featured_media":641,"comment_status":"open","ping_status":"closed","template":"","meta":{"_eb_attr":""},"product_cat":[251,106],"product_tag":[220],"_links":{"self":[{"href":"https:\/\/tannoithat.com\/index.php\/wp-json\/wp\/v2\/product\/640"}],"collection":[{"href":"https:\/\/tannoithat.com\/index.php\/wp-json\/wp\/v2\/product"}],"about":[{"href":"https:\/\/tannoithat.com\/index.php\/wp-json\/wp\/v2\/types\/product"}],"replies":[{"embeddable":true,"href":"https:\/\/tannoithat.com\/index.php\/wp-json\/wp\/v2\/comments?post=640"}],"wp:featuredmedia":[{"embeddable":true,"href":"https:\/\/tannoithat.com\/index.php\/wp-json\/wp\/v2\/media\/641"}],"wp:attachment":[{"href":"https:\/\/tannoithat.com\/index.php\/wp-json\/wp\/v2\/media?parent=640"}],"wp:term":[{"taxonomy":"product_cat","embeddable":true,"href":"https:\/\/tannoithat.com\/index.php\/wp-json\/wp\/v2\/product_cat?post=640"},{"taxonomy":"product_tag","embeddable":true,"href":"https:\/\/tannoithat.com\/index.php\/wp-json\/wp\/v2\/product_tag?post=640"}],"curies":[{"name":"wp","href":"https:\/\/api.w.org\/{rel}","templated":true}]}}