{"id":656,"date":"2023-12-26T16:05:27","date_gmt":"2023-12-26T09:05:27","guid":{"rendered":"https:\/\/tannoithat.com\/?post_type=product&#038;p=656"},"modified":"2024-01-15T15:14:25","modified_gmt":"2024-01-15T08:14:25","slug":"khay-chia-thia-dia-inox-304","status":"publish","type":"product","link":"https:\/\/tannoithat.com\/index.php\/product\/khay-chia-thia-dia-inox-304\/","title":{"rendered":"KHAY CHIA TH\u00ccA D\u0128A INOX 304"},"content":{"rendered":"\n\n<div class=\"kk-star-ratings kksr-auto kksr-align-left kksr-valign-top\"\n    data-payload='{&quot;align&quot;:&quot;left&quot;,&quot;id&quot;:&quot;656&quot;,&quot;slug&quot;:&quot;default&quot;,&quot;valign&quot;:&quot;top&quot;,&quot;ignore&quot;:&quot;&quot;,&quot;reference&quot;:&quot;auto&quot;,&quot;class&quot;:&quot;&quot;,&quot;count&quot;:&quot;0&quot;,&quot;legendonly&quot;:&quot;&quot;,&quot;readonly&quot;:&quot;&quot;,&quot;score&quot;:&quot;0&quot;,&quot;starsonly&quot;:&quot;&quot;,&quot;best&quot;:&quot;5&quot;,&quot;gap&quot;:&quot;5&quot;,&quot;greet&quot;:&quot;Rate this product&quot;,&quot;legend&quot;:&quot;0\\\/5 - (0 b\u00ecnh ch\u1ecdn)&quot;,&quot;size&quot;:&quot;24&quot;,&quot;title&quot;:&quot;KHAY CHIA TH\u00ccA D\u0128A INOX 304&quot;,&quot;width&quot;:&quot;0&quot;,&quot;_legend&quot;:&quot;{score}\\\/{best} - ({count} {votes})&quot;,&quot;font_factor&quot;:&quot;1.25&quot;}'>\n            \n<div class=\"kksr-stars\">\n    \n<div class=\"kksr-stars-inactive\">\n            <div class=\"kksr-star\" data-star=\"1\" style=\"padding-right: 5px\">\n            \n\n<div class=\"kksr-icon\" style=\"width: 24px; height: 24px;\"><\/div>\n        <\/div>\n            <div class=\"kksr-star\" data-star=\"2\" style=\"padding-right: 5px\">\n            \n\n<div class=\"kksr-icon\" style=\"width: 24px; height: 24px;\"><\/div>\n        <\/div>\n            <div class=\"kksr-star\" data-star=\"3\" style=\"padding-right: 5px\">\n            \n\n<div class=\"kksr-icon\" style=\"width: 24px; height: 24px;\"><\/div>\n        <\/div>\n            <div class=\"kksr-star\" data-star=\"4\" style=\"padding-right: 5px\">\n            \n\n<div class=\"kksr-icon\" style=\"width: 24px; height: 24px;\"><\/div>\n        <\/div>\n            <div class=\"kksr-star\" data-star=\"5\" style=\"padding-right: 5px\">\n            \n\n<div class=\"kksr-icon\" style=\"width: 24px; height: 24px;\"><\/div>\n        <\/div>\n    <\/div>\n    \n<div class=\"kksr-stars-active\" style=\"width: 0px;\">\n            <div class=\"kksr-star\" style=\"padding-right: 5px\">\n            \n\n<div class=\"kksr-icon\" style=\"width: 24px; height: 24px;\"><\/div>\n        <\/div>\n            <div class=\"kksr-star\" style=\"padding-right: 5px\">\n            \n\n<div class=\"kksr-icon\" style=\"width: 24px; height: 24px;\"><\/div>\n        <\/div>\n            <div class=\"kksr-star\" style=\"padding-right: 5px\">\n            \n\n<div class=\"kksr-icon\" style=\"width: 24px; height: 24px;\"><\/div>\n        <\/div>\n            <div class=\"kksr-star\" style=\"padding-right: 5px\">\n            \n\n<div class=\"kksr-icon\" style=\"width: 24px; height: 24px;\"><\/div>\n        <\/div>\n            <div class=\"kksr-star\" style=\"padding-right: 5px\">\n            \n\n<div class=\"kksr-icon\" style=\"width: 24px; height: 24px;\"><\/div>\n        <\/div>\n    <\/div>\n<\/div>\n                \n\n<div class=\"kksr-legend\" style=\"font-size: 19.2px;\">\n            <span class=\"kksr-muted\">Rate this product<\/span>\n    <\/div>\n    <\/div>\n<h1><strong><a href=\"https:\/\/tannoithat.com\/index.php\/product\/treo-ly-va-ruou-quay-bar\/\">Khay chia th\u00eca d\u0129a INOX 304:<\/a> <\/strong><\/h1>\n<p><strong>L<\/strong>\u00e0 b\u1ed9 khay chia ng\u0103n mu\u1ed7ng \u0111\u0169a cho ng\u0103n k\u00e9o t\u1ee7 d\u00f9ng cho vi\u1ec7c l\u01b0u tr\u1eef c\u00e1c v\u1eadt d\u1ee5ng b\u1ebfp trung b\u00ecnh ph\u00f9 h\u1ee3p v\u1edbi c\u00e1c ng\u0103n k\u00e9o t\u1ee7 do \u0111\u01b0\u1ee3c trang tr\u1ecb b\u1ed9 n\u1eb9p l\u00e0m cho vi\u1ec7c l\u01b0u tr\u1eef \u0111\u01b0\u1ee3c g\u1ecdn g\u00e0ng v\u00e0 c\u1ed1 \u0111\u1ecbnh \u0111\u01b0\u1ee3c b\u1ed9 khay chia n\u1eb1m trong ng\u0103n k\u00e9o m\u1ed9t c\u00e1c c\u1ed1 \u0111\u1ecbnh.<\/p>\n<h2><strong>Khay chia th\u00eca d\u0129a INOX 304:<\/strong><\/h2>\n<p>\u0110\u01b0\u1ee3c thi\u1ebft k\u1ebf cao c\u1ea5p tr\u00ean ch\u1ea5t li\u1ec7u Inox 304 ch\u1ed1ng r\u1ec9 s\u00e9t v\u00e0 c\u00e1c kh\u1edbp n\u1ed1i b\u1eb1ng nh\u1ef1a cao c\u1ea5p ABS. S\u1ea3n ph\u1ea9m mang \u0111\u1ebfn cho ng\u01b0\u1eddi d\u00f9ng s\u1ef1 g\u1ecdn g\u00e0ng trong ng\u0103n k\u00e9o t\u1ee7 b\u1ebfp.<\/p>\n<h3><a href=\"https:\/\/www.facebook.com\/noithatbeptnt\" target=\"_blank\" rel=\"noopener\">C\u00e1c \u01b0u \u0111i\u1ec3m c\u1ee7a Khay chia th\u00eca d\u0129a INOX 304:<\/a><\/h3>\n<ul>\n<li>L\u1eafp \u0111\u01b0\u1ee3c v\u1edbi h\u1ea7u h\u1ebft c\u00e1c ng\u0103n k\u00e9o t\u1ee7.<\/li>\n<li>Ch\u1ea5t li\u1ec7u b\u1eb1ng Inox 304 kh\u00f4ng g\u1ec9 s\u00e9t, c\u00f3 kh\u1ea3 n\u0103ng kh\u00e1ng khu\u1ea9n, kh\u00f4ng ch\u1ea5t \u0111\u1ed9c h\u1ea1i.<\/li>\n<li>Nh\u1ef1a ABS \u1edf c\u00e1c kh\u1edbp n\u1ed1i ch\u1eafc ch\u1eafn.<\/li>\n<li>Gi\u00fap cho ng\u0103n k\u00e9o \u0111\u01b0\u1ee3c g\u1ecdn g\u00e0ng, s\u1ea1ch s\u1ebd.<\/li>\n<\/ul>\n<p><em>H\u00ecnh \u1ea3nh c\u1ee7a s\u1ea3n ph\u1ea9m:<\/em><\/p>\n<p><img fetchpriority=\"high\" decoding=\"async\" class=\"alignnone size-medium wp-image-9867 lazy-load-active\" src=\"https:\/\/smartkit.vn\/wp-content\/uploads\/KC450N-300x235.png\" sizes=\"(max-width: 300px) 100vw, 300px\" srcset=\"https:\/\/smartkit.vn\/wp-content\/uploads\/KC450N-300x235.png 300w, https:\/\/smartkit.vn\/wp-content\/uploads\/KC450N.png 413w\" alt=\"\" width=\"300\" height=\"235\" data-src=\"https:\/\/smartkit.vn\/wp-content\/uploads\/KC450N-300x235.png\" data-srcset=\"https:\/\/smartkit.vn\/wp-content\/uploads\/KC450N-300x235.png 300w, https:\/\/smartkit.vn\/wp-content\/uploads\/KC450N.png 413w\" \/><\/p>\n<p><em>Khay chia th\u00eca d\u0129a Inox, m\u00e3 s\u1ed1: KC 450N<\/em><\/p>\n<h3>Th\u00f4ng s\u1ed1 k\u0129 thu\u1eadt Khay chia th\u00eca d\u0129a Inox SMARTKIT<\/h3>\n<p>&nbsp;<\/p>\n<table width=\"676\">\n<tbody>\n<tr>\n<td rowspan=\"2\" width=\"107\"><em><strong>M\u00e3 s\u1ea3n ph\u1ea9m<\/strong><\/em><\/td>\n<td colspan=\"3\" width=\"282\"><em><strong>K\u00edch th\u01b0\u1edbc sa\u0309n ph\u00e2\u0309m (th\u00f4ng th\u1ee7y)<\/strong><\/em><\/td>\n<td rowspan=\"2\" width=\"166\"><em><strong>Ki\u0301ch th\u01b0\u01a1\u0301c khoang t\u1ee7 (ph\u1ee7 b\u00ec)<\/strong><\/em><\/td>\n<td rowspan=\"2\" width=\"121\"><em><strong>\u0110\u01a1n gi\u00e1\u00a0<\/strong><\/em><\/td>\n<\/tr>\n<tr>\n<td width=\"94\"><strong>Ngang (r\u1ed9ng)<\/strong><\/td>\n<td width=\"94\"><strong>S\u00e2u<\/strong><\/td>\n<td width=\"94\"><strong>Cao<\/strong><\/td>\n<\/tr>\n<tr>\n<td width=\"123\"><b>KC 450N<\/b><\/td>\n<td width=\"94\">480<\/td>\n<td width=\"94\">280<\/td>\n<td width=\"94\">500<\/td>\n<td width=\"166\">500<\/td>\n<td rowspan=\"7\" width=\"121\"><\/td>\n<\/tr>\n<\/tbody>\n<\/table>\n","protected":false},"excerpt":{"rendered":"<p>KHAY CHIA TH\u00ccA D\u0128A INOX 304<\/p>\n<p><span style=\"color: #ff0000;\">M\u00e3:\u00a0<\/span><span class=\"sku\"><span style=\"color: #ff0000;\">KC 450N<\/span> &#8211; <span style=\"color: #00ff00;\">2.250.000vnd<\/span><\/span><\/p>\n","protected":false},"featured_media":658,"comment_status":"open","ping_status":"closed","template":"","meta":{"_eb_attr":""},"product_cat":[227,251],"product_tag":[228],"_links":{"self":[{"href":"https:\/\/tannoithat.com\/index.php\/wp-json\/wp\/v2\/product\/656"}],"collection":[{"href":"https:\/\/tannoithat.com\/index.php\/wp-json\/wp\/v2\/product"}],"about":[{"href":"https:\/\/tannoithat.com\/index.php\/wp-json\/wp\/v2\/types\/product"}],"replies":[{"embeddable":true,"href":"https:\/\/tannoithat.com\/index.php\/wp-json\/wp\/v2\/comments?post=656"}],"wp:featuredmedia":[{"embeddable":true,"href":"https:\/\/tannoithat.com\/index.php\/wp-json\/wp\/v2\/media\/658"}],"wp:attachment":[{"href":"https:\/\/tannoithat.com\/index.php\/wp-json\/wp\/v2\/media?parent=656"}],"wp:term":[{"taxonomy":"product_cat","embeddable":true,"href":"https:\/\/tannoithat.com\/index.php\/wp-json\/wp\/v2\/product_cat?post=656"},{"taxonomy":"product_tag","embeddable":true,"href":"https:\/\/tannoithat.com\/index.php\/wp-json\/wp\/v2\/product_tag?post=656"}],"curies":[{"name":"wp","href":"https:\/\/api.w.org\/{rel}","templated":true}]}}