{"id":784,"date":"2024-01-08T11:16:37","date_gmt":"2024-01-08T04:16:37","guid":{"rendered":"https:\/\/tannoithat.com\/?post_type=product&#038;p=784"},"modified":"2024-01-22T14:18:32","modified_gmt":"2024-01-22T07:18:32","slug":"nuoc-tay-lam-sach-san-gach-thiet-bi-men-su","status":"publish","type":"product","link":"https:\/\/tannoithat.com\/index.php\/product\/nuoc-tay-lam-sach-san-gach-thiet-bi-men-su\/","title":{"rendered":"N\u01b0\u01a1\u0301c T\u00e2\u0309y La\u0300m Sa\u0323ch Sa\u0300n Ga\u0323ch-Thi\u00ea\u0301t Bi\u0323 Men S\u01b0\u0301 2024"},"content":{"rendered":"\n\n<div class=\"kk-star-ratings kksr-auto kksr-align-left kksr-valign-top\"\n    data-payload='{&quot;align&quot;:&quot;left&quot;,&quot;id&quot;:&quot;784&quot;,&quot;slug&quot;:&quot;default&quot;,&quot;valign&quot;:&quot;top&quot;,&quot;ignore&quot;:&quot;&quot;,&quot;reference&quot;:&quot;auto&quot;,&quot;class&quot;:&quot;&quot;,&quot;count&quot;:&quot;0&quot;,&quot;legendonly&quot;:&quot;&quot;,&quot;readonly&quot;:&quot;&quot;,&quot;score&quot;:&quot;0&quot;,&quot;starsonly&quot;:&quot;&quot;,&quot;best&quot;:&quot;5&quot;,&quot;gap&quot;:&quot;5&quot;,&quot;greet&quot;:&quot;Rate this product&quot;,&quot;legend&quot;:&quot;0\\\/5 - (0 b\u00ecnh ch\u1ecdn)&quot;,&quot;size&quot;:&quot;24&quot;,&quot;title&quot;:&quot;N\u01b0\u01a1\u0301c T\u00e2\u0309y La\u0300m Sa\u0323ch Sa\u0300n Ga\u0323ch-Thi\u00ea\u0301t Bi\u0323 Men S\u01b0\u0301 2024&quot;,&quot;width&quot;:&quot;0&quot;,&quot;_legend&quot;:&quot;{score}\\\/{best} - ({count} {votes})&quot;,&quot;font_factor&quot;:&quot;1.25&quot;}'>\n            \n<div class=\"kksr-stars\">\n    \n<div class=\"kksr-stars-inactive\">\n            <div class=\"kksr-star\" data-star=\"1\" style=\"padding-right: 5px\">\n            \n\n<div class=\"kksr-icon\" style=\"width: 24px; height: 24px;\"><\/div>\n        <\/div>\n            <div class=\"kksr-star\" data-star=\"2\" style=\"padding-right: 5px\">\n            \n\n<div class=\"kksr-icon\" style=\"width: 24px; height: 24px;\"><\/div>\n        <\/div>\n            <div class=\"kksr-star\" data-star=\"3\" style=\"padding-right: 5px\">\n            \n\n<div class=\"kksr-icon\" style=\"width: 24px; height: 24px;\"><\/div>\n        <\/div>\n            <div class=\"kksr-star\" data-star=\"4\" style=\"padding-right: 5px\">\n            \n\n<div class=\"kksr-icon\" style=\"width: 24px; height: 24px;\"><\/div>\n        <\/div>\n            <div class=\"kksr-star\" data-star=\"5\" style=\"padding-right: 5px\">\n            \n\n<div class=\"kksr-icon\" style=\"width: 24px; height: 24px;\"><\/div>\n        <\/div>\n    <\/div>\n    \n<div class=\"kksr-stars-active\" style=\"width: 0px;\">\n            <div class=\"kksr-star\" style=\"padding-right: 5px\">\n            \n\n<div class=\"kksr-icon\" style=\"width: 24px; height: 24px;\"><\/div>\n        <\/div>\n            <div class=\"kksr-star\" style=\"padding-right: 5px\">\n            \n\n<div class=\"kksr-icon\" style=\"width: 24px; height: 24px;\"><\/div>\n        <\/div>\n            <div class=\"kksr-star\" style=\"padding-right: 5px\">\n            \n\n<div class=\"kksr-icon\" style=\"width: 24px; height: 24px;\"><\/div>\n        <\/div>\n            <div class=\"kksr-star\" style=\"padding-right: 5px\">\n            \n\n<div class=\"kksr-icon\" style=\"width: 24px; height: 24px;\"><\/div>\n        <\/div>\n            <div class=\"kksr-star\" style=\"padding-right: 5px\">\n            \n\n<div class=\"kksr-icon\" style=\"width: 24px; height: 24px;\"><\/div>\n        <\/div>\n    <\/div>\n<\/div>\n                \n\n<div class=\"kksr-legend\" style=\"font-size: 19.2px;\">\n            <span class=\"kksr-muted\">Rate this product<\/span>\n    <\/div>\n    <\/div>\n<h1><a href=\"https:\/\/www.facebook.com\/noithatbeptnt\" target=\"_blank\" rel=\"noopener\">N\u01b0\u01a1\u0301c T\u00e2\u0309y La\u0300m Sa\u0323ch Sa\u0300n Ga\u0323ch-Thi\u00ea\u0301t Bi\u0323 Men S\u01b0\u0301 2024<\/a><\/h1>\n<h2 class=\"Iv7FJp\"><a href=\"https:\/\/tannoithat.com\/index.php\/product\/treo-ly-va-ruou-quay-bar\/\">M\u00d4 T\u1ea2 S\u1ea2N PH\u1ea8M\u00a0<\/a><\/h2>\n<div class=\"MCCLkq\">\n<div class=\"f7AU53\">\n<div id=\"attachment_785\" style=\"width: 1034px\" class=\"wp-caption alignnone\"><img fetchpriority=\"high\" decoding=\"async\" aria-describedby=\"caption-attachment-785\" class=\"wp-image-785 size-full\" src=\"https:\/\/tannoithat.com\/wp-content\/uploads\/2024\/01\/vn-11134207-7qukw-lin0ovyt737wa7.jpg\" alt=\"N\u01b0\u01a1\u0301c T\u00e2\u0309y La\u0300m Sa\u0323ch Sa\u0300n Ga\u0323ch-Thi\u00ea\u0301t Bi\u0323 Men S\u01b0\u0301\" width=\"1024\" height=\"1364\" srcset=\"https:\/\/tannoithat.com\/wp-content\/uploads\/2024\/01\/vn-11134207-7qukw-lin0ovyt737wa7.jpg 1024w, https:\/\/tannoithat.com\/wp-content\/uploads\/2024\/01\/vn-11134207-7qukw-lin0ovyt737wa7-225x300.jpg 225w, https:\/\/tannoithat.com\/wp-content\/uploads\/2024\/01\/vn-11134207-7qukw-lin0ovyt737wa7-769x1024.jpg 769w, https:\/\/tannoithat.com\/wp-content\/uploads\/2024\/01\/vn-11134207-7qukw-lin0ovyt737wa7-768x1023.jpg 768w, https:\/\/tannoithat.com\/wp-content\/uploads\/2024\/01\/vn-11134207-7qukw-lin0ovyt737wa7-600x799.jpg 600w\" sizes=\"(max-width: 1024px) 100vw, 1024px\" \/><p id=\"caption-attachment-785\" class=\"wp-caption-text\">N\u01b0\u01a1\u0301c T\u00e2\u0309y La\u0300m Sa\u0323ch Sa\u0300n Ga\u0323ch-Thi\u00ea\u0301t Bi\u0323 Men S\u01b0\u0301<\/p><\/div>\n<p class=\"irIKAp\">N\u01b0\u1edbc T\u1ea9y L\u00e0m S\u1ea1ch S\u00e0n G\u1ea1ch &#8211; Thi\u1ebft B\u1ecb Men S\u1ee9 &#8220;B\u00ed M\u1eadt C\u1ee7a S\u1ef1 Tinh Kh\u00f4i! B\u1ea1n \u0111\u00e3 bao gi\u1edd t\u1ef1 h\u1ecfi, l\u00e0m th\u1ebf n\u00e0o \u0111\u1ec3 s\u00e0n g\u1ea1ch nh\u00e0 b\u1ea1n lu\u00f4n s\u00e1ng b\u00f3ng, thi\u1ebft b\u1ecb men s\u1ee9 lu\u00f4n m\u1edbi m\u1ebb nh\u01b0 ng\u00e0y \u0111\u1ea7u? Kh\u00e1m ph\u00e1 ngay n\u01b0\u1edbc t\u1ea9y \u0111a n\u0103ng &#8211; b\u00ed m\u1eadt c\u1ee7a s\u1ef1 tinh kh\u00f4i! C\u00f4ng D\u1ee5ng \u0110\u1eb7c Bi\u1ec7t: M\u1ed9t gi\u1ecdt n\u01b0\u1edbc t\u1ea9y c\u00f3 s\u1ee9c m\u1ea1nh phi th\u01b0\u1eddng, \u0111\u00e1nh bay xi m\u0103ng, v\u1ebft b\u1ea9n l\u00e2u n\u0103m, r\u00eau m\u1ed1c, mang l\u1ea1i v\u1ebb \u0111\u1eb9p tinh kh\u00f4i cho s\u00e0n g\u1ea1ch. Kh\u00f4ng ch\u1ec9 l\u00e0m s\u1ea1ch, m\u00e0 c\u00f2n ph\u1ee5c h\u1ed3i \u0111\u1ed9 s\u00e1ng b\u00f3ng cho c\u00e1c thi\u1ebft b\u1ecb men s\u1ee9, t\u1eeb lavabo \u0111\u1ebfn ch\u1eadu r\u1eeda, \u0111em l\u1ea1i v\u1ebb \u0111\u1eb9p lung linh, kh\u00f4ng t\u1ef3 v\u1ebft. \u01afu \u0110i\u1ec3m V\u00f4 Song: S\u1ee9c m\u1ea1nh t\u1ea9y r\u1eeda v\u01b0\u1ee3t tr\u1ed9i, lo\u1ea1i b\u1ecf nhanh ch\u00f3ng m\u1ecdi v\u1ebft b\u1ea9n c\u1ee9ng \u0111\u1ea7u, t\u1eeb v\u00f4i v\u1eefa \u0111\u1ebfn bu\u0323i b\u00e2\u0309n sau x\u00e2y d\u1ef1ng. An to\u00e0n, hi\u1ec7u qu\u1ea3 v\u00e0 d\u1ec5 s\u1eed d\u1ee5ng, l\u00e0 l\u1ef1a ch\u1ecdn h\u00e0ng \u0111\u1ea7u cho m\u1ecdi gia \u0111\u00ecnh! \u0110\u1eebng \u0111\u1ec3 v\u1ebb \u0111\u1eb9p c\u1ee7a ng\u00f4i nh\u00e0 b\u1ea1n b\u1ecb \u1ea3nh h\u01b0\u1edfng b\u1edfi nh\u1eefng v\u1ebft b\u1ea9n kh\u00f3 nh\u1eb1n. H\u00e3y \u0111\u1ec3 n\u01b0\u1edbc t\u1ea9y \u0111a n\u0103ng k\u1ef3 di\u1ec7u n\u00e0y kh\u00e1m ph\u00e1 v\u00e0 t\u00e1i t\u1ea1o v\u1ebb \u0111\u1eb9p r\u1ea1ng ng\u1eddi, tinh kh\u00f4i cho kh\u00f4ng gian s\u1ed1ng c\u1ee7a b\u1ea1n!&#8221; <img decoding=\"async\" class=\"alignnone size-full wp-image-786\" src=\"https:\/\/tannoithat.com\/wp-content\/uploads\/2024\/01\/vn-11134207-7qukw-lin0ovytmjgs39.jpg\" alt=\"\" width=\"1024\" height=\"1364\" srcset=\"https:\/\/tannoithat.com\/wp-content\/uploads\/2024\/01\/vn-11134207-7qukw-lin0ovytmjgs39.jpg 1024w, https:\/\/tannoithat.com\/wp-content\/uploads\/2024\/01\/vn-11134207-7qukw-lin0ovytmjgs39-225x300.jpg 225w, https:\/\/tannoithat.com\/wp-content\/uploads\/2024\/01\/vn-11134207-7qukw-lin0ovytmjgs39-769x1024.jpg 769w, https:\/\/tannoithat.com\/wp-content\/uploads\/2024\/01\/vn-11134207-7qukw-lin0ovytmjgs39-768x1023.jpg 768w, https:\/\/tannoithat.com\/wp-content\/uploads\/2024\/01\/vn-11134207-7qukw-lin0ovytmjgs39-600x799.jpg 600w\" sizes=\"(max-width: 1024px) 100vw, 1024px\" \/> <img decoding=\"async\" class=\"alignnone size-full wp-image-787\" src=\"https:\/\/tannoithat.com\/wp-content\/uploads\/2024\/01\/vn-11134207-7qukw-lin0ovz2r8cs8e.jpg\" alt=\"\" width=\"1024\" height=\"1364\" srcset=\"https:\/\/tannoithat.com\/wp-content\/uploads\/2024\/01\/vn-11134207-7qukw-lin0ovz2r8cs8e.jpg 1024w, https:\/\/tannoithat.com\/wp-content\/uploads\/2024\/01\/vn-11134207-7qukw-lin0ovz2r8cs8e-225x300.jpg 225w, https:\/\/tannoithat.com\/wp-content\/uploads\/2024\/01\/vn-11134207-7qukw-lin0ovz2r8cs8e-769x1024.jpg 769w, https:\/\/tannoithat.com\/wp-content\/uploads\/2024\/01\/vn-11134207-7qukw-lin0ovz2r8cs8e-768x1023.jpg 768w, https:\/\/tannoithat.com\/wp-content\/uploads\/2024\/01\/vn-11134207-7qukw-lin0ovz2r8cs8e-600x799.jpg 600w\" sizes=\"(max-width: 1024px) 100vw, 1024px\" \/> <img loading=\"lazy\" decoding=\"async\" class=\"alignnone size-full wp-image-788\" src=\"https:\/\/tannoithat.com\/wp-content\/uploads\/2024\/01\/vn-11134207-7qukw-lin0ovz2r8wi9c.jpg\" alt=\"\" width=\"1024\" height=\"1364\" srcset=\"https:\/\/tannoithat.com\/wp-content\/uploads\/2024\/01\/vn-11134207-7qukw-lin0ovz2r8wi9c.jpg 1024w, https:\/\/tannoithat.com\/wp-content\/uploads\/2024\/01\/vn-11134207-7qukw-lin0ovz2r8wi9c-225x300.jpg 225w, https:\/\/tannoithat.com\/wp-content\/uploads\/2024\/01\/vn-11134207-7qukw-lin0ovz2r8wi9c-769x1024.jpg 769w, https:\/\/tannoithat.com\/wp-content\/uploads\/2024\/01\/vn-11134207-7qukw-lin0ovz2r8wi9c-768x1023.jpg 768w, https:\/\/tannoithat.com\/wp-content\/uploads\/2024\/01\/vn-11134207-7qukw-lin0ovz2r8wi9c-600x799.jpg 600w\" sizes=\"(max-width: 1024px) 100vw, 1024px\" \/><\/p>\n<\/div>\n<\/div>\n","protected":false},"excerpt":{"rendered":"<p>N\u01b0\u01a1\u0301c T\u00e2\u0309y La\u0300m Sa\u0323ch Sa\u0300n Ga\u0323ch-Thi\u00ea\u0301t Bi\u0323 Men S\u01b0\u0301<\/p>\n<ul>\n<li class=\"dR8kXc\"><label class=\"zquA4o\">Th\u01b0\u01a1ng hi\u1ec7u : <\/label><span style=\"color: #ff0000;\">Dr.C<\/span><\/li>\n<li class=\"dR8kXc\"><label class=\"zquA4o eqeCX7\">Lo\u1ea1i b\u1ea3o h\u00e0nh : <\/label>B\u1ea3o h\u00e0nh nh\u00e0 s\u1ea3n xu\u1ea5t<\/li>\n<li class=\"dR8kXc\"><label class=\"zquA4o eqeCX7\">Ki\u1ec3u \u0111\u00f3ng g\u00f3i : <\/label>\u0110\u01a1n<\/li>\n<li class=\"dR8kXc\"><label class=\"zquA4o eqeCX7\">Xu\u1ea5t x\u1ee9 : <\/label>Vi\u1ec7t Nam<\/li>\n<li class=\"dR8kXc\"><label class=\"zquA4o eqeCX7\">Lo\u1ea1i ch\u1ea5t l\u00e0m s\u1ea1ch : <\/label>Ch\u1ea5t t\u1ea9y r\u1eeda s\u00e0n<\/li>\n<li class=\"dR8kXc\"><label class=\"zquA4o eqeCX7\">C\u00f4ng Th\u1ee9c : <\/label>Da\u0323ng N\u01b0\u01a1\u0301c<\/li>\n<li class=\"dR8kXc\"><label class=\"zquA4o eqeCX7\">H\u1ea1n b\u1ea3o h\u00e0nh : <\/label>36 tha\u0301ng<\/li>\n<li class=\"dR8kXc\"><label class=\"zquA4o eqeCX7\">Th\u1ec3 t\u00edch : <\/label>1L &#8211; 5L<\/li>\n<li class=\"dR8kXc\"><label class=\"zquA4o eqeCX7\">M\u00f9i H\u01b0\u01a1ng : <\/label>Kh\u00f4ng Mu\u0300i<\/li>\n<\/ul>\n<div class=\"dR8kXc\">\n<div><span style=\"color: #ff0000;\"><span style=\"vertical-align: inherit;\"><span style=\"vertical-align: inherit;\">1L\/ 99.000\u0111\u00a0<\/span><\/span><\/span><\/div>\n<div><span style=\"color: #ff0000;\"><span style=\"vertical-align: inherit;\"><span style=\"vertical-align: inherit;\">5L\/ 400.000\u0111<\/span><\/span><\/span><\/div>\n<\/div>\n","protected":false},"featured_media":785,"comment_status":"open","ping_status":"closed","template":"","meta":{"_eb_attr":""},"product_cat":[252,108],"product_tag":[258],"_links":{"self":[{"href":"https:\/\/tannoithat.com\/index.php\/wp-json\/wp\/v2\/product\/784"}],"collection":[{"href":"https:\/\/tannoithat.com\/index.php\/wp-json\/wp\/v2\/product"}],"about":[{"href":"https:\/\/tannoithat.com\/index.php\/wp-json\/wp\/v2\/types\/product"}],"replies":[{"embeddable":true,"href":"https:\/\/tannoithat.com\/index.php\/wp-json\/wp\/v2\/comments?post=784"}],"wp:featuredmedia":[{"embeddable":true,"href":"https:\/\/tannoithat.com\/index.php\/wp-json\/wp\/v2\/media\/785"}],"wp:attachment":[{"href":"https:\/\/tannoithat.com\/index.php\/wp-json\/wp\/v2\/media?parent=784"}],"wp:term":[{"taxonomy":"product_cat","embeddable":true,"href":"https:\/\/tannoithat.com\/index.php\/wp-json\/wp\/v2\/product_cat?post=784"},{"taxonomy":"product_tag","embeddable":true,"href":"https:\/\/tannoithat.com\/index.php\/wp-json\/wp\/v2\/product_tag?post=784"}],"curies":[{"name":"wp","href":"https:\/\/api.w.org\/{rel}","templated":true}]}}